 m?
2, 3, 7
Let m be 8/(-6) + (-50)/(-15). Suppose -m*u = 0, -3*u + 19 - 135 = -4*y. What are the prime factors of y?
29
Let m be 46*(7/2 - 3). Suppose 0 = 2*u - 3*u + m. List the prime factors of u.
23
Suppose 4*f + 2*g = 58, -2*g + 16 = f - 0*g. Let o = f - 2. What are the prime factors of o?
2, 3
Let y(f) = f**3 + 15*f**2 + 12*f + 11. What are the prime factors of y(-8)?
3, 11
Suppose -2*w - 6*u + u = -128, -2*w = -5*u - 128. What are the prime factors of w?
2
Let f(z) = -z**2 + 14*z - 20. What are the prime factors of f(11)?
13
Suppose 0 = 5*h - 0*r + 4*r + 25, -2*h + 2*r + 8 = 0. Let u be ((-2)/4)/(h/10). Suppose -20 = -u*a + 45. What are the prime factors of a?
13
Let u = 2 + 10. List the prime factors of u.
2, 3
Let a(j) = 3*j**2 + 2*j + 1. List the prime factors of a(-5).
2, 3, 11
Suppose -q - 298 = -4*n, -433 + 129 = -4*n + 4*q. What are the prime factors of n?
2, 37
Suppose -2*o = 2*o - 20. List the prime factors of o.
5
Let a(t) be the first derivative of t**3/3 + t**2/2 - 2. Let i be a(0). Suppose 0 = 3*k + 3*q, 5*k + 4*q + 3 - 6 = i. List the prime factors of k.
3
Let d(r) = r**2 + r - 1. Suppose 2*g = -0*g - 8. What are the prime factors of d(g)?
11
Let x(f) = 12*f + 1. Suppose 7*o - 3*o + 17 = -n, -8 = 4*o. Let g(z) = 3*z. Let r(w) = n*g(w) + 2*x(w). List the prime factors of r(-6).
2, 5
Let j = 9 - -43. What are the prime factors of j?
2, 13
Suppose 0*x = x - 22. Suppose 2*p - 7*p = 0. Suppose k + k - x = p. List the prime factors of k.
11
Suppose 4*d + 0*d = 5*i + 40, 5*d = i + 29. Suppose 6 = 3*v - 3. Let x = d - v. What are the prime factors of x?
2
Suppose 0 = -5*c + 33 - 213. Let v = 82 + c. Suppose 0 = -5*z + 14 + v. What are the prime factors of z?
2, 3
Let q = -117 + 70. Let c = -26 - q. What are the prime factors of (-6)/c - (-186)/14?
13
Suppose 0 = 4*z - 3*k - 100, -2*z + 51 = -2*k - 1. List the prime factors of z.
2, 11
Suppose -4*u - 3*d - 2 + 17 = 0, -3*u - 3*d = -15. Suppose -2*x - x + 12 = u. List the prime factors of x.
2
Suppose 0*o - 84 = 3*o. Let i = o - -39. List the prime factors of i.
11
Let v be ((-3)/(-3) + -1)*1. Suppose v = 2*k + 7*y - 2*y + 1, 35 = -4*k + y. List the prime factors of 4/(-1)*12/k.
2, 3
Let a(k) = 6 + k**2 - 2*k**2 + 7 + 2*k**2 + k. What are the prime factors of a(0)?
13
Let a(o) = -o**3 + 6*o**2 - o - 3. What are the prime factors of a(3)?
3, 7
Let g(b) = b**3 - b**2 - 3*b + 8. What are the prime factors of g(5)?
3, 31
Let t be -1*1 - (-1 + 3). Let j be 4/t*(-6)/4. Let m(x) = 2*x**3 - 2*x**2 + x + 1. What are the prime factors of m(j)?
11
Let y be (-1 - -7)*(-4)/12. Let p(h) = -11*h - 1. What are the prime factors of p(y)?
3, 7
Let r(t) = 3*t**2 - 4*t - 5. Let k(q) = q**2 - q + 2. Let g be k(2). List the prime factors of r(g).
3
Suppose 15 = t + 5. List the prime factors of (2/1 + t)/1.
2, 3
Suppose -2*i + 5*s - 19 = -i, 2*i = 5*s - 18. Let a be 71 + i*3/3. What are the prime factors of a/7 - (-4)/(-14)?
2, 5
Let m = 0 - -5. Suppose -19 = -m*l + 11. Suppose l = j - 9. What are the prime factors of j?
3, 5
Let j = 57 - 31. Suppose -4*x = -2*h + j, 19 = -0*h + 3*h - x. Suppose h*o - 31 = 4. List the prime factors of o.
7
Let t(k) = -k**2 - 4*k + 5. Let f be t(-5). Let x = 0 + f. Suppose x = o + 2*o - 9. What are the prime factors of o?
3
Suppose -2*i = 11 - 57. Suppose -5*n + i = -4*a, 3*a + 2*n + 15 = 5*n. What are the prime factors of (a/4)/((-1)/10)?
5
Suppose 0*z - 144 = -2*z + 4*c, -4*z - c + 333 = 0. What are the prime factors of z?
2, 41
What are the prime factors of 6/15 + (3 - (-2852)/20)?
2, 73
What are the prime factors of (-18)/(-99) + (-889)/(-11)?
3
Suppose -12 = -4*v, j - 295 = -j + v. List the prime factors of j.
149
Let f = -16 + 10. Let n = f - -6. Suppose n*x + 2*x - 18 = 0. What are the prime factors of x?
3
Suppose 2*m - 1 = 113. List the prime factors of m.
3, 19
Suppose -2*n + 12 = 2*n. What are the prime factors of (-21*3/n)/(-1)?
3, 7
Let u(f) = f**2 - 8*f + 1. Let v be u(8). List the prime factors of -15*(v + (-4 - -2)).
3, 5
Let m be (550 + 2)*(-8)/(-12). What are the prime factors of (-2)/7 - m/(-14)?
2, 13
Suppose 3 - 5 = -2*j. Let h be (-4)/(j - (2 + 1)). Let a = 2 + h. List the prime factors of a.
2
Let m = -15 + 50. What are the prime factors of m?
5, 7
Suppose -3*j = 2*j - 4*a - 222, a - 2 = 0. Suppose 0 = 2*t - 2*n - 44, 5*n = -3*t + 2*t + j. List the prime factors of t.
2, 13
Suppose -2*g = -7*g. Suppose -4*r + 5*b - 25 + 7 = 0, -r - 5*b + 8 = g. What are the prime factors of ((-4)/(-10))/(r/(-20))?
2
Let c be 2 - ((-3)/3)/(-1). List the prime factors of (-1)/(c/(-12))*1.
2, 3
Let l be (-2)/(-2) - (3 + -5). Let h(j) = j + j - l*j + 4. List the prime factors of h(2).
2
Suppose -4*f + 844 = -4*r - 568, 0 = -3*f + 4*r + 1056. What are the prime factors of f?
2, 89
Let y be (-115)/(-25) + 2/5. Suppose 3 = 5*w - 4*b - 8, 5*b - 20 = -y*w. Let n(u) = u - 1. List the prime factors of n(w).
2
Let w(k) be the third derivative of -7*k**4/24 - k**3/2 - k**2. What are the prime factors of w(-2)?
11
Suppose -4*m + m = 3*z - 21, 0 = 2*z - 2. Let i = m - 4. What are the prime factors of i/(1 + -3) + 3?
2
Let b(t) be the second derivative of -t**4/12 - t**3/3 - t**2/2 - t. Let a be b(2). Let k = 15 + a. List the prime factors of k.
2, 3
Let u = 9 + -12. What are the prime factors of (4 + -3)*(u - -17)?
2, 7
Let y = 46 + -8. List the prime factors of y.
2, 19
Suppose 2*x = -2*v + 502, x - 2*v - 3*v - 263 = 0. What are the prime factors of x?
11, 23
Let s(t) be the third derivative of t**4/3 + t**3/6 - 2*t**2. List the prime factors of s(2).
17
Suppose 2*f = 36 - 128. Let k = f - -82. What are the prime factors of k?
2, 3
Let x = 51 - 19. List the prime factors of x.
2
List the prime factors of (-18)/45*(658 + 2)/(-2).
2, 3, 11
Suppose -4*v = 2*x - 6*x + 16, 9 = -v - 4*x. Let p = 0 - v. Let y = p + -3. List the prime factors of y.
2
Suppose -p = -3*p - 12. Let j(w) = w**2 + 3 + 2*w + 0*w**2 + 2*w. List the prime factors of j(p).
3, 5
Suppose 0 = -3*f - 4*w + 52, 3*w - 30 = -4*f + 44. Let a = -5 + 9. Suppose -a*b + f = -2*b. List the prime factors of b.
2, 5
Let s = 218 - 108. List the prime factors of s.
2, 5, 11
Let d = -30 - -46. List the prime factors of -1 + -2 + 0 + d.
13
Suppose 14 + 2 = -4*g, 25 = 3*f - 4*g. Suppose -4*p + 43 = f*k, -26 = -3*p - 5*k + 20. Let q = 2 + p. List the prime factors of q.
3
Let p(r) = -r**2 + 8. Suppose -2*t = 1 - 3. Let o be 0/t*(6 - 5). List the prime factors of p(o).
2
Suppose -3*o + 1150 = 5*f + o, 3*f = 2*o + 712. What are the prime factors of f?
2, 3, 13
Suppose -3*w + 72 = w. List the prime factors of w.
2, 3
Let c(w) = w**3 + 7*w**2 + 2*w - 7. Suppose 2*s + 12 = -5*y - 15, 3*s = -4*y - 30. What are the prime factors of c(s)?
17
Let y = -436 + 808. What are the prime factors of y?
2, 3, 31
Suppose 4*z - 532 = -0*z. List the prime factors of z.
7, 19
Let v be 3/6*(2 + 8). Suppose 3*f + v*o - 6 = 0, -4 = -2*f - 0*o - 3*o. List the prime factors of (-2)/(-2) + 3 + f.
2, 3
List the prime factors of (13/52)/((-1)/(-56)).
2, 7
Let o = 7 - 0. Let f = o + 7. What are the prime factors of f/((-1 + 5)/2)?
7
Let r(x) = -x**2 - 8*x - 5. Let o be r(-7). Let m be o - -1 - (-8 + -11). Let d = m + -13. What are the prime factors of d?
3
Suppose -8 = 3*m + 5*s, -2*s - 3 = 2*m + 5. What are the prime factors of 4 + -2 + (-2 - m)?
2, 3
Let o(h) = h**3 - 7*h**2 - 4*h + 10. What are the prime factors of o(9)?
2, 17
Suppose 0 = -3*h + 4*q - 45, -4*q - 9 - 34 = 5*h. Let y be 2/(-2 + h/(-5)). List the prime factors of 30/1*y/25.
2, 3
What are the prime factors of (-1)/((-2)/(8/(-4))) - -115?
2, 3, 19
Let s be (-6)/8 - 6/24. Let i be -3*((-23)/3 - s). What are the prime factors of (-48)/i*15/(-6)?
2, 3
Let p = 129 + -92. Suppose -3*i = -u - p, 13 = 2*i + u - 20. What are the prime factors of i?
2, 7
Suppose -8 = -2*l - 0*c - 5*c, -3*l + 3*c + 33 = 0. Suppose 2*p + l = 31. What are the prime factors of p?
11
Suppose 4*a = -m + 16, 0*a - 5*m = -4*a + 16. Let q be (8/(-28))/1*-21. Suppose a*n + 30 = q*n. List the prime factors of n.
3, 5
Let s(l) = -4 + 8*l**2 - 18*l - 9*l**2 + 0. What are the prime factors of s(-17)?
13
Let w(q) = q**2 + 11*q + 11. Suppose -s = -5*s + 20. Suppose -s*t - 58 = -2*z - 7, -5*z = 10. What are the prime factors of w(t)?
11
S